t 38986 (base 14) to base 5.
13422312
1010101111000111111 (base 2) to base 6
11312423
Convert -3211151 (base 7) to base 14.
-a1c98
-1200120 (base 8) to base 10
-327760
What is -37321 (base 11) in base 10?
-53626
357c4 (base 16) to base 10
219076
1563443 (base 12) to base 4
100220202303
Convert 4e525 (base 15) to base 8.
752036
What is -10315300 (base 6) in base 2?
-1001010101001010100
b9d50 (base 15) to base 9
1088603
-124555540 (base 6) to base 8
-11335464
-21214002 (base 5) to base 8
-536064
Convert 435 (base 12) to base 10.
617
aa230 (base 16) to base 8
2521060
Convert 220011222202 (base 3) to base 14.
c56a2
Convert -111111010010100110011001 (base 2) to base 3.
-1011012220221000
What is 681831 (base 12) in base 3?
10010102120001
What is -9b5412 (base 15) in base 3?
-111221102021222
What is -b8ccba (base 15) in base 2?
-100001100100110011011100
What is -34874 (base 9) in base 3?
-1011222111
Convert -1724118 (base 10) to base 11.
-a783a0
-2065597 (base 10) to base 8
-7702275
What is -1432203334 (base 5) in base 4?
-32130303001
Convert 3704710 (base 8) to base 11.
636089
-21140421 (base 6) to base 11
-393604
10001000101111111000 (base 2) to base 8
2105770
What is -5061540 (base 7) in base 12?
-251143
Convert -454845 (base 13) to base 5.
-404410144
e880b (base 16) to base 13
274613
What is -111101100000010101001101 (base 2) in base 11?
-9112677
What is 832144 (base 9) in base 7?
4124140
Convert 43059 (base 10) to base 2.
1010100000110011
What is 2272363 (base 9) in base 12?
4b3049
What is -1414163 (base 7) in base 10?
-188744
What is 19bcc3 (base 15) in base 14?
249516
What is -15211525 (base 6) in base 4?
-2001200231
304261 (base 8) to base 12
4a215
What is 23008 (base 12) in base 5?
2443124
What is -100000000100011011111 (base 2) in base 11?
-658576
Convert a29b5 (base 12) to base 16.
33d19
Convert -3988614 (base 10) to base 15.
-53bc29
aa8345 (base 11) to base 13
49b956
-6415aa (base 11) to base 4
-3322231232
Convert -13100012 (base 7) to base 2.
-100100011010101011010
What is 261625 (base 7) in base 11?
33631
What is 199251 (base 10) in base 9?
333280
b11a8 (base 13) to base 5
40113200
-142464 (base 7) to base 13
-c5a0
Convert 2630008 (base 11) to base 15.
5ee224
What is -369049 (base 11) in base 10?
-583031
What is -1514352 (base 7) in base 8?
-621511
What is 113030035 (base 6) in base 3?
10221212100212
What is -56440054 (base 7) in base 12?
-1783b14
-130321011 (base 4) to base 15
-250e6
-22690 (base 12) to base 13
-17b7a
64562447 (base 8) to base 2
110100101110010100100111
Convert 432101 (base 9) to base 10.
257419
Convert 63077572 (base 8) to base 3.
221012220001120
Convert -253356624 (base 7) to base 13.
-343636b
Convert -653184 (base 9) to base 8.
-1370503
1e5db (base 16) to base 8
362733
Convert 1787a14 (base 11) to base 9.
5622625
What is -17266 (base 12) in base 16?
-81ae
Convert -1982881 (base 10) to base 4.
-13210012201
What is -40523 (base 13) in base 2?
-11100000110101110
955a82 (base 11) to base 10
1530619
What is 11123323 (base 8) in base 16?
24a6d3
Convert 4702303 (base 11) to base 6.
452035541
What is 1100110101010000 (base 2) in base 6?
1043200
What is 9160374 (base 10) in base 2?
100010111100011010110110
-13227643 (base 8) to base 5
-1224230230
52ca (base 16) to base 9
32058
Convert 474ab4 (base 13) to base 2.
110011101111111101100
-21011210102122 (base 3) to base 9
-7153378
2214075 (base 8) to base 14
1172d7
Convert -9546872 (base 10) to base 5.
-4420444442
-133132010 (base 4) to base 13
-46895
-13655151 (base 7) to base 16
-13b381
Convert 36102023 (base 7) to base 6.
152243105
What is 10676555 (base 8) in base 16?
237d6d
-30002000113 (base 4) to base 14
-5c1579
What is -144740 (base 8) in base 6?
-1035132
136951 (base 12) to base 4
1032303031
Convert 11322503 (base 6) to base 11.
221345
Convert b16b (base 13) to base 8.
57551
Convert 7526036 (base 10) to base 14.
ddca20
Convert 100111001011010 (base 2) to base 12.
b736
11021001220012 (base 3) to base 14
42d5a7
What is 50544540 (base 6) in base 11?
8a7566
188949 (base 15) to base 14
230d1b
-27211 (base 12) to base 11
-37522
-4a8d3 (base 14) to base 3
-100021211111
What is -12621236 (base 7) in base 6?
-40545145
What is -11000100101010110 (base 2) in base 5?
-11210234
Convert c1666a (base 13) to base 9.
8415528
Convert -187238 (base 11) to base 2.
-1000110010000100011
22332303 (base 4) to base 14
1256b
What is -2735b6 (base 13) in base 4?
-3213331102
Convert 1100001010110000001 (base 2) to base 3.
202020221110
What is -53396 (base 13) in base 2?
-100100101000001010
What is -22174042 (base 8) in base 16?
-48f822
What is 11011111010101101 (base 2) in base 6?
2241221
What is 101223220 (base 4) in base 2?
10001101011101000
What is -134404232 (base 5) in base 10?
-700567
16222472 (base 8) to base 5
1424320312
-410402214 (base 5) to base 7
-20024336
Convert -23395 (base 10) to base 2.
-101101101100011
-120133 (base 12) to base 7
-2316621
What is 134e9 (base 15) in base 8?
170655
Convert 212001201010100 (base 3) to base 14.
18b0a75
What is -9878d9 (base 14) in base 8?
-23557107
What is 1010343042 (base 5) in base 13?
5671b0
What is 103263 (base 10) in base 4?
121031133
What is 2847c27 (base 13) in base 4?
300222022332
What is -76a8a (base 12) in base 11?
-a8008
Convert 22790d (base 14) to base 9.
2177620
-1011100100100110101 (base 2) to base 13
-103795
400a36 (base 14) to base 12
87a160
What is 31435a (base 16) in base 10?
3228506
What is 3254735 (base 8) in base 16?
d59dd
6765576 (base 8) to base 15
26223d
75484 (base 9) to base 10
49972
-40999a (base 12) to base 11
-631608
What is -a35311 (base 15) in base 14?
-1061219
Convert -ab0ac4 (base 14) to base 3.
-101220211011000
What is 4655772 (base 8) in base 3?
2101110101000
What is -8a07 (base 14) in base 7?
-126510
What is 100101101010100110100 (base 2) in base 9?
2281034
What is -1a8222 (base 11) in base 10?
-318375
What is 98137 (base 10) in base 6?
2034201
What is -10111101100101111110 (base 2) in base 3?
-1110110021000
b3f06 (base 16) to base 13
1ca618
13dc65 (base 15) to base 4
3221313200
What is -322232310 (base 4) in base 10?
-240564
What is -529909 (base 12) in base 7?
-14033226
What is -110222020212101 (base 3) in base 16?
-6931e7
Convert -63563334 (base 8) to base 14.
-1b2d72c
-36a498 (base 12) to base 7
-10361333
Convert -186bc1 (base 15) to base 2.
-100100001110111010001
1011110101111100111 (base 2) to base 15
79eb6
What is -b81827 (base 14) in base 7?
-103635450
What is -26136355 (base 7) in base 2?
-1001000100110111100011
113515513 (base 6) to base 5
1022002330
Convert 45265013 (base 8) to base 6.
545513215
What is -32001001200 (base 4) in base 11?
-208a53a
Convert 112cc (base 15) to base 3.
2202221210
Convert -257681 (base 10) to base 3.
-111002110202
What is 144651 (base 11) in base 10?
225721
What is -3492 (base 13) in base 3?
-101010120
5647db (base 15) to base 8
17546702
Convert 10100100111011110100 (base 2) to base 16.
a4ef4
765743 (base 8) to base 7
2120154
-121011122122 (base 3) to base 12
-134268
What is 23581513 (base 9) in base 4?
223321312110
-1689724 (base 10) to base 13
-47214a
What is -8cc43 (base 13) in base 7?
-2120040
10940d (base 16) to base 7
12143400
What is b53b5d (base 15) in base 3?
121012212221221
-110333 (base 5) to base 4
-330003
What is 1231243102 (base 5) in base 7?
34305325
Convert -1010001010011111001000 (base 2) to base 11.
-155a885
What is 11211312221 (base 4) in base 16?
165da9
Convert -101242342 (base 5) to base 14.
-ab519
What is -11e7b7 (base 16) in base 7?
-12655040
-11101100112210 (base 3) to base 6
-121532550
-d4b30d (base 14) to base 16
-6d7fe1
-61514166 (base 8) to base 11
-738a532
What is 2471b9 (base 14) in base 10?
1248879
What is 456848 (base 10) in base 6?
13443012
Convert 1220033000 (base 5) to base 7.
33406016
What is -451556 (base 12) in base 15?
-16b59c
What is -3152520 (base 7) in base 9?
-642866
Convert 1041313301 (base 5) to base 8.
10573765
Convert 8590017 (base 11) to base 4.
321220312122
Convert -86980 (base 13) to base 6.
-5114211
231557 (base 10) to base 15
48922
What is -130c237 (base 13) in base 10?
-5967436
What is 184726 (base 13) in base 9?
1128417
What is 15315 (base 7) in base 4?
1002303
Convert 22202122021022 (base 3) to base 10.
4657778
Convert